10. What is the units digit of m(u)?
0
Let b(k) = -k - 1. Let x be b(3). Let q be 2/(-4)*8/x. Let o(i) = 2*i - 1. What is the units digit of o(q)?
1
Let z = 2 + 0. Suppose 2*r + 3*x - 45 = 0, -4*x + 28 = r - z. What is the tens digit of r?
1
Suppose 3*a - 3*x = 9, -x + 5*x = 0. Suppose 12 = -a*v, 3*v = -0*m + 2*m. Let t(b) = b**2 + 6*b + 8. What is the units digit of t(m)?
8
Let k = 247 + 125. What is the units digit of k?
2
Suppose 0*j = 4*j + 4. What is the tens digit of 0 - (2 - j) - -51?
4
Suppose -5*h + 0*h + 525 = 0. What is the hundreds digit of h?
1
Let z(o) = -9*o**3 - 1. Let c be -3 + -14*(-2)/4. Suppose 0*m + c = -4*m. What is the units digit of z(m)?
8
Suppose -d = -5*d. Suppose d = 4*h - 9*h + 15. What is the units digit of h?
3
Let f(d) = -d**2 + 7*d - 7. Let b be f(5). Suppose 3*c - 134 = 2*r, b*c + 3*r - r - 130 = 0. What is the tens digit of c?
4
Let a = -1 + 6. Suppose 0 = 3*h + a*z - 10, 0*h + 4*z - 8 = 2*h. Suppose v - 4 - 4 = h. What is the units digit of v?
8
Suppose 0 = v - 0*v - 28. Let s be 92/v + 4/(-14). Suppose c - 3 = -s*m + 4, -5*c - 5 = -5*m. What is the units digit of c?
1
What is the hundreds digit of (18/(-63) + (-2258)/(-14))/1?
1
Let c(p) = -34*p - 2. Suppose f - 6 = 5*x, 3*x + 2*f + 2 = 1. What is the units digit of c(x)?
2
Suppose 2 = 2*g - a - 3, -5*a + 14 = 3*g. What is the units digit of g?
3
Suppose 0 = -0*n + 2*n + 22. Let g be (-2)/n + (-75)/(-11). Suppose 0 = 4*u - g*u + 48. What is the tens digit of u?
1
Suppose -55 - 53 = -3*m. What is the units digit of m?
6
Let t(l) = -l + 10. Let g be t(6). Suppose 2*c + 10 = -2*k, -3 = g*k + 5. What is the tens digit of 12/10*(-40)/c?
1
Suppose -l = 3*f + 3*l + 22, -5*l = -10. Let x = f + 20. What is the units digit of x?
0
Suppose -2*r = -7 + 31. Let y be (2/4)/(1/r). Let g = 1 - y. What is the units digit of g?
7
Suppose 0 = -d + 4*v - 5 + 4, 3*d = -3*v + 12. Suppose x = -4*x - 10, 14 = -5*a + d*x. Let m = a + 6. What is the units digit of m?
2
Let y = 5 - 0. Suppose y*g = 5*f + 30, -3*f = 2*f + 5*g + 80. Let k = 4 - f. What is the tens digit of k?
1
Suppose -x = -4*p + 1, -17 = 3*x - p + 3*p. Let v = x + 8. Suppose 0 = -v*w - w + 24. What is the units digit of w?
6
Let q(y) = -6*y - 19. Let a(o) = -3*o - 9. Let s(k) = 7*a(k) - 3*q(k). Let b be s(7). Let v = -18 - b. What is the units digit of v?
9
Suppose 3*p = 2*u + 18, -5*p - 5*u + 8 - 3 = 0. Suppose -p*f + 76 = 4*i + 20, 0 = 5*i - 5*f - 20. What is the units digit of i?
9
What is the units digit of -3 - (-3 + 0) - -19?
9
Let h = -43 + 166. What is the tens digit of h?
2
Let s(t) = 12*t**2 - 1. Let q be s(-1). Suppose 7*i = q*i - 120. What is the units digit of i?
0
Let r = -47 - -142. What is the tens digit of r?
9
Let w = 14 + -48. Let n = -24 + 14. What is the tens digit of n/5*w/4?
1
Suppose 7*v = 3*g + 4*v + 15, 0 = 5*v. Let y = g + 8. What is the units digit of y?
3
Suppose -2*x = x - 3*q - 126, 0 = -5*q - 25. What is the units digit of x?
7
Let o be 24 - 0/(1 - 2). What is the units digit of o/(-20)*(-10)/3?
4
Let k(i) = i**2 - i - 35. Let g be k(0). Let f = g - -69. What is the tens digit of f?
3
Let a(k) = k**3 - 3*k**2 - 4*k + 5. Let z be 5/(1/4*2). Let u be (-8)/5*z/(-4). What is the units digit of a(u)?
5
Let r(a) = -a**2 - 7*a - 3. What is the units digit of r(-5)?
7
Let g be (-10)/3*(-24)/20. Suppose -2*v + 76 = 7*c - 4*c, -4*v + 152 = g*c. What is the units digit of v?
8
Suppose -5*v + 13 = 3. What is the tens digit of 168/(-98)*(-63)/v?
5
Suppose -62 = -4*t + 5*j + 81, -27 = -t + 3*j. Suppose -t - 13 = -5*w. What is the units digit of w?
1
What is the hundreds digit of ((-101)/(-2))/(3 - 20/8)?
1
Let s be (0 - 5)*(-1)/1. Suppose 2*h = 3*n + 27, -2*h + s*n = 3*h - 60. What is the units digit of h?
9
Let a(k) = 2*k + 1. Let r be a(-2). Let j be r/(-6)*(-1 + 1). Suppose -2*z + v = -0*v - 15, 4*z + 5*v - 9 = j. What is the units digit of z?
6
Let y(j) = -j**2 - 4*j. Let v be y(-4). Let w be (v + -3)*(-10 - 0). Suppose 52 - 4 = 4*n + f, -f = -2*n + w. What is the tens digit of n?
1
Let d be 3*(25 + -3 + 2). Suppose 4*g - d = -16. What is the tens digit of g?
1
Let x be (-3 - -3)*(-3)/6. Suppose x = 2*k - 34 + 4. What is the units digit of k?
5
Suppose -2*x + 197 - 77 = 0. What is the units digit of x?
0
What is the tens digit of (-10)/(-8)*-4*(-29)/1?
4
Suppose 3*c + 2*k + 5 = 58, -3*c + 2*k + 61 = 0. Suppose 5*i - c = -a, 0*a - 4*i = 5*a - 95. What is the tens digit of a?
1
Let q be (4/(-5))/((-1)/5). Let u = q - -8. What is the units digit of u?
2
Suppose -3*l + 3*z - 18 = 0, 0*z - 3*z - 6 = 5*l. Let b be (-4)/l*3/2. Suppose -f - 5*v - 9 - 1 = 0, b*f - 3*v = 19. What is the units digit of f?
5
What is the hundreds digit of -3 - -3 - (-210 - -10)?
2
Suppose 0 = -3*p - p + 64. Let r = p - 4. Suppose 2*w = s + 34, 2*s - r = -2*w + w. What is the units digit of w?
6
Let m = 4 - 4. Suppose m = -2*y + y + 3. What is the units digit of 7*(4 - (y - 0))?
7
Let w = 168 - 105. What is the tens digit of w?
6
Let w = 52 - 30. What is the units digit of w?
2
Let r(l) be the third derivative of -1/40*l**6 - 1/24*l**4 - 1/15*l**5 + 1/3*l**3 + 0 - 3*l**2 + 0*l. What is the tens digit of r(-2)?
1
Let s(g) = g**3 - 6*g**2 - 7*g + 4. Let h be s(8). Let v = h + -43. What is the units digit of v?
3
Let k(z) = -z**3 - 2*z**2 - 2*z + 1. Suppose x + 4 = -x. Let d be k(x). Suppose 2*o + 2 = -r + 6*o, d*r - 4*o = 6. What is the units digit of r?
2
Suppose -c + 44 = -0*c - 5*t, -2*c = -5*t - 108. What is the tens digit of c?
6
Suppose 0*j - 3*j = -12. Suppose 0 = 3*c + 5*w - j, 0 = -3*w - 12. What is the units digit of 58/8 - 2/c?
7
Let a be (-57)/3 + (2 - 2). Let v = -11 - a. What is the units digit of v?
8
Suppose z = 7*z - 444. What is the units digit of z?
4
Suppose 2*p + 2*p + 2*d = 696, -2*p + 5*d + 348 = 0. What is the hundreds digit of p?
1
Let m = 24 - -6. Suppose 0 = -0*l - 3*l - m. Let p = l - -16. What is the units digit of p?
6
Let d be 21/(-2)*(-6)/9. Suppose -w + 17 - 7 = 0. Suppose -2*g + d*g = w. What is the units digit of g?
2
Let v(u) = u**2 + 5*u + 3. Let r be v(-2). Let y = r + 21. What is the tens digit of y?
1
Let o(t) = t**2 + 11*t + 1. Let z be o(-10). What is the units digit of (-1)/(-3) + (-24)/z?
3
Suppose 0 = 2*d - u - 2*u - 3, -3*u = 4*d + 3. Let n = d - -2. Suppose 0 = o - 3*f - 9 - n, -4*o + 16 = 2*f. What is the units digit of o?
5
Let v be 3/15 - 48/15. Let y(h) = 2*h**2 - 2*h - 6. What is the units digit of y(v)?
8
Let g be (9/(-5))/((-3)/15). Suppose -5*n = 4*r - 73, -4*n - 2*r - g = -5*n. What is the units digit of n?
3
Let u(j) = 2*j**2 + j + 1. Let w be u(-1). Suppose -w*f - 14 = -5*p, -2 = -2*f - 0*f - 3*p. What is the units digit of (1/4 - f)*4?
9
Let t(f) = 18*f**2 + 8*f - 1. What is the tens digit of t(2)?
8
Let y be 24/3 + 2 + -1. Suppose 4*t - 5*t - 4 = 0. Let o = y + t. What is the units digit of o?
5
Let v(l) be the first derivative of -l**4/4 + 2*l**3 - 3*l**2 + 3*l + 1. Let p be v(5). Let k = p - -15. What is the units digit of k?
3
Let n(v) = 2*v**2 - 3*v - 4. Let u be n(3). Let c = 9 - u. Suppose c*o - 6 = o. What is the units digit of o?
2
Suppose -8*n = 2*q - 3*n, 20 = 4*q + 5*n. Suppose 5*f - 45 = -q. What is the units digit of f?
7
Suppose -191 - 9 = -4*q. Suppose 4*x - q = -x. What is the units digit of x?
0
Let l(x) = x**2 + 8*x + 3. Let n be l(-6). Let v be 3 + (-3)/3 + n. Let y = v + 16. What is the units digit of y?
9
Let x(u) be the second derivative of -u**4/12 - 2*u**3/3 + u**2/2 + 2*u. Let o be x(-3). Suppose -q = o*q - 15. What is the units digit of q?
3
Suppose 0 = g - 0*u + 3*u - 43, 0 = -g + u + 23. What is the tens digit of g?
2
Let u(g) = -g**2 - 20*g - 34. What is the units digit of u(-12)?
2
Suppose 3*o - 8 = -m - 0, -3*m - 2 = -4*o. What is the units digit of (o/3 + 4)*6?
8
What is the tens digit of 140/3 + (-6)/(-18)?
4
Suppose 5*v + 0*v + 180 = 0. Let a = -20 - v. What is the units digit of a?
6
Let x(k) be the second derivative of -2*k + 1/12*k**4 + 0 + 0*k**3 + 0*k**2. What is the units digit of x(2)?
4
Let t(f) = f**2 + 2. Let y be t(0). Let j(r) be the second derivative of r**4/12 - r**3/6 - r**2/2 + 2*r. What is the units digit of j(y)?
1
Suppose -5*d = 2*k - 67, -3*d + 0*k + 2*k = -53. Suppose 0 = w - 0*w + 4*z - d, -3*w + 75 = -3*z. W